51
What are the prime factors of 1834?
2, 7, 131
List the prime factors of 2389.
2389
What are the prime factors of 1895?
5, 379
List the prime factors of 3844.
2, 31
List the prime factors of 14025.
3, 5, 11, 17
List the prime factors of 32171.
53, 607
What are the prime factors of 109824?
2, 3, 11, 13
What are the prime factors of 1250?
2, 5
What are the prime factors of 1054?
2, 17, 31
What are the prime factors of 13612?
2, 41, 83
What are the prime factors of 3420?
2, 3, 5, 19
What are the prime factors of 6392?
2, 17, 47
List the prime factors of 100761.
3, 33587
List the prime factors of 1371.
3, 457
What are the prime factors of 3085?
5, 617
List the prime factors of 15129.
3, 41
What are the prime factors of 30516?
2, 3, 2543
List the prime factors of 295.
5, 59
List the prime factors of 2123.
11, 193
What are the prime factors of 24498?
2, 3, 1361
What are the prime factors of 29415?
3, 5, 37, 53
What are the prime factors of 4194?
2, 3, 233
List the prime factors of 4634.
2, 7, 331
List the prime factors of 538.
2, 269
What are the prime factors of 576?
2, 3
List the prime factors of 14429.
47, 307
List the prime factors of 19188.
2, 3, 13, 41
List the prime factors of 689.
13, 53
What are the prime factors of 3856?
2, 241
List the prime factors of 104117.
13, 8009
List the prime factors of 2616.
2, 3, 109
List the prime factors of 14129.
71, 199
What are the prime factors of 61115?
5, 17, 719
List the prime factors of 39978.
2, 3, 2221
What are the prime factors of 1691?
19, 89
What are the prime factors of 4923?
3, 547
List the prime factors of 58215.
3, 5, 3881
List the prime factors of 6281.
11, 571
What are the prime factors of 13056?
2, 3, 17
List the prime factors of 4765.
5, 953
List the prime factors of 24522.
2, 3, 61, 67
What are the prime factors of 715?
5, 11, 13
What are the prime factors of 1718?
2, 859
What are the prime factors of 24273?
3, 29, 31
What are the prime factors of 5248?
2, 41
List the prime factors of 3898.
2, 1949
List the prime factors of 614.
2, 307
List the prime factors of 74149.
74149
What are the prime factors of 20348?
2, 5087
List the prime factors of 13954.
2, 6977
What are the prime factors of 670?
2, 5, 67
What are the prime factors of 9466?
2, 4733
What are the prime factors of 23330?
2, 5, 2333
What are the prime factors of 1232?
2, 7, 11
What are the prime factors of 3329?
3329
What are the prime factors of 736?
2, 23
What are the prime factors of 2780?
2, 5, 139
List the prime factors of 7638.
2, 3, 19, 67
List the prime factors of 14016.
2, 3, 73
List the prime factors of 13378.
2, 6689
List the prime factors of 31370.
2, 5, 3137
List the prime factors of 3154.
2, 19, 83
What are the prime factors of 5507?
5507
List the prime factors of 1267.
7, 181
List the prime factors of 2142.
2, 3, 7, 17
List the prime factors of 552.
2, 3, 23
What are the prime factors of 8018?
2, 19, 211
List the prime factors of 11973.
3, 13, 307
What are the prime factors of 2376?
2, 3, 11
List the prime factors of 986.
2, 17, 29
List the prime factors of 721.
7, 103
List the prime factors of 3231.
3, 359
What are the prime factors of 35970?
2, 3, 5, 11, 109
What are the prime factors of 26?
2, 13
What are the prime factors of 391?
17, 23
What are the prime factors of 75257?
7, 13, 827
What are the prime factors of 90153?
3, 7, 53
What are the prime factors of 154?
2, 7, 11
What are the prime factors of 48428?
2, 12107
List the prime factors of 73829.
7, 53, 199
List the prime factors of 6988.
2, 1747
List the prime factors of 434.
2, 7, 31
List the prime factors of 7082.
2, 3541
List the prime factors of 3396.
2, 3, 283
What are the prime factors of 9488?
2, 593
What are the prime factors of 22516?
2, 13, 433
List the prime factors of 5570.
2, 5, 557
What are the prime factors of 1928?
2, 241
What are the prime factors of 141?
3, 47
List the prime factors of 19466.
2, 9733
What are the prime factors of 4537?
13, 349
What are the prime factors of 1832?
2, 229
What are the prime factors of 1728?
2, 3
What are the prime factors of 141956?
2, 23, 1543
What are the prime factors of 6820?
2, 5, 11, 31
List the prime factors of 13516.
2, 31, 109
List the prime factors of 43500.
2, 3, 5, 29
What are the prime factors of 59396?
2, 31, 479
What are the prime factors of 5005?
5, 7, 11, 13
List the prime factors of 8363.
8363
List the prime factors of 108603.
3, 11, 1097
What are the prime factors of 7422?
2, 3, 1237
List the prime factors of 30525.
3, 5, 11, 37
List the prime factors of 286.
2, 11, 13
What are the prime factors of 825?
3, 5, 11
What are the prime factors of 1206?
2, 3, 67
List the prime factors of 552.
2, 3, 23
List the prime factors of 1159.
19, 61
What are the prime factors of 27978?
2, 3, 4663
What are the prime factors of 28447?
28447
What are the prime factors of 1022?
2, 7, 73
What are the prime factors of 1147?
31, 37
List the prime factors of 1730.
2, 5, 173
List the prime factors of 8140.
2, 5, 11, 37
What are the prime factors of 11985?
3, 5, 17, 47
List the prime factors of 806.
2, 13, 31
What are the prime factors of 193?
193
List the prime factors of 53942.
2, 7, 3853
What are the prime factors of 26892?
2, 3, 83
What are the prime factors of 45280?
2, 5, 283
What are the prime factors of 15224?
2, 11, 173
What are the prime factors of 4792?
2, 599
List the prime factors of 902.
2, 11, 41
What are the prime factors of 1443?
3, 13, 37
What are the prime factors of 699?
3, 233
List the prime factors of 104165.
5, 83, 251
What are the prime factors of 444?
2, 3, 37
What are the prime factors of 44651?
44651
List the prime factors of 3519.
3, 17, 23
What are the prime factors of 7509?
3, 2503
List the prime factors of 4012.
2, 17, 59
What are the prime factors of 29472?
2, 3, 307
List the prime factors of 1837.
11, 167
List the prime factors of 35953.
157, 229
List the prime factors of 7756.
2, 7, 277
List the prime factors of 17688.
2, 3, 11, 67
What are the prime factors of 3523?
13, 271
List the prime factors of 22757.
7, 3251
List the prime factors of 937.
937
What are the prime factors of 738?
2, 3, 41
List the prime factors of 565.
5, 113
List the prime factors of 6618.
2, 3, 1103
List the prime factors of 934.
2, 467
List the prime factors of 793.
13, 61
List the prime factors of 68727.
3, 31, 739
What are the prime factors of 35643?
3, 109
List the prime factors of 23739.
3, 41, 193
What are the prime factors of 1563?
3, 521
List the prime factors of 27487.
27487
What are the prime factors of 3073?
7, 439
List the prime factors of 32573.
32573
List the prime factors of 17290.
2, 5, 7, 13, 19
List the prime factors of 17201.
103, 167
List the prime factors of 18318.
2, 3, 43, 71
What are the prime factors of 3576?
2, 3, 149
List the prime factors of 956.
2, 239
What are the prime factors of 432?
2, 3
List the prime factors of 7911.
3, 293
What are the prime factors of 667?
23, 29
What are the prime factors of 1306?
2, 653
What are the prime factors of 14043?
3, 31, 151
What are the prime factors of 137219?
137219
What are the prime factors of 9226?
2, 7, 659
List the prime factors of 2093.
7, 13, 23
What are the prime factors of 1771?
7, 11, 23
List the prime factors of 4527.
3, 503
What are the prime factors of 3355?
5, 11, 61
List the prime factors of 97.
97
What are the prime factors of 11789?
11789
List the prime factors of 67779.
3, 17, 443
List the prime factors of 63573.
3, 21191
List the prime factors of 28108.
2, 7027
What are the prime factors of 9812?
2, 11, 223
List the prime factors of 22257.
3, 2473
What are the prime factors of 574?
2, 7, 41
List the prime factors of 44877.
3, 7, 2137
List the prime factors of 1495.
5, 13, 23
What are the prime factors of 742?
2, 7, 53
What are the prime factors of 46813?
13, 277
What are the prime factors of 1635?
3, 5, 109
What are the prime factors of 663?
3, 13, 17
What are the prime factors of 1856?
2, 29
List the prime factors of 899.
29, 31
What are the prime factors of 5093?
11, 463
What are the prime factors of 10891?
10891
List the prime factors of 4283.
4283
What are the prime factors of 9730?
2, 5, 7, 139
What are the prime factors of 99978?
2, 3, 19, 877
List the prime factors of 3868.
2, 967
What are the prime factors of 